e tens digit of p(7)?
3
What is the units digit of (-1 + (-626)/(-4))*(-30 - -32)?
1
Suppose 83 = 2*i - 55. What is the tens digit of i?
6
Let d(m) = 3*m - 25. What is the units digit of d(13)?
4
Let w = -2 + 6. Suppose 0 = 2*g + 2*g + w*i - 24, -g - 4*i = -15. Suppose -4*y - 20 = -g*t - t, 4*t - 5*y = 21. What is the units digit of t?
4
Suppose 0 = -3*a + 11 + 7. Suppose 2*u + 2*s - a = 0, -5*u + 2*s + s + 31 = 0. What is the units digit of u?
5
What is the units digit of (34/(-5))/(22/(-55))?
7
Suppose 0*s - 4*d = s - 31, 5*s - 3*d - 247 = 0. Suppose -2*f + 1 = -s. What is the tens digit of f?
2
Let m(v) = v**2 - 13*v + 19. What is the units digit of m(12)?
7
Let y = -2 - -28. What is the tens digit of y?
2
Let o be 4/(-26) + 54/13. Suppose -4*u - t - 27 = -0*u, -o*t = 12. Let q(r) = -r + 2. What is the units digit of q(u)?
8
Let h(o) = -o**3 + 2*o**2 - 2*o - 1. Let s be h(2). Let d(r) be the first derivative of -r**2 - 4*r - 1. What is the units digit of d(s)?
6
Suppose -x + 4 = x. Suppose x*p - 2*a - 14 = -2*p, 5*p - 17 = 3*a. What is the units digit of (-2 + -1 - -1) + p?
2
Suppose -8 + 0 = -2*o. Suppose -3*h - 6 = 0, 2*h - o = -a - 2*h. Suppose -2*b - 3*q + a = 0, -4 = -3*b - b + 4*q. What is the units digit of b?
3
Let m(y) = 5*y**2 + y - 8. What is the tens digit of m(-3)?
3
Let m(n) = n + 21. What is the units digit of m(-5)?
6
Let m be (4 + -3)/(2/42). Let t be (-3)/(-2) - m/(-14). What is the units digit of 8 - (t - 1 - -1)?
5
Let y = -1 + 5. Let a be (-39)/6*y + 1. What is the units digit of (-35)/a + 4/(-10)?
1
Suppose -5*x - 5*y + 145 = 0, -75 = -4*x + 2*y + 11. What is the tens digit of x?
2
Let t(y) = -y**3 - 2*y**2 + 6. Let k be t(6). What is the units digit of 8/44 + k/(-22)?
3
Suppose -f - 3 = 2*f. Let c = f + 2. Suppose -z = c + 1, 4*l - z = 38. What is the units digit of l?
9
Suppose -3*v + d = -19, -3*v + 18 = -2*d - 5. Suppose v*p - 9 = 51. Suppose y + 3*y = p. What is the units digit of y?
3
Suppose -3*z = -1 - 14. What is the units digit of (1/(-3))/(z/(-45))?
3
Let o = 5 - 0. Let z = o - 3. What is the units digit of (z + (-1 - -8))/1?
9
What is the units digit of 64/3*12/8?
2
Let o = 3 - 3. Let m be (-1 - o/2)/(-1). What is the units digit of m/(1/3)*2?
6
Let h(t) = 41*t**3 - 2*t + 2. Let x(r) = 42*r**3 - r + 1. Let q(y) = -2*h(y) + 3*x(y). What is the tens digit of q(1)?
4
Suppose -3*o = -0*o - 9. Suppose o = 5*g - 37. What is the units digit of g?
8
Let p = -109 + 162. What is the tens digit of p?
5
Suppose -56 = -3*w + 5*w. Let r = w - -61. Suppose h - r = 4*o, 4*h + 3*o + 2*o = 27. What is the units digit of h?
3
Suppose -q = -5*q + 12. Let o = 7 - q. Suppose o*f + 2*v - 8 - 6 = 0, -3*v - 23 = -5*f. What is the units digit of f?
4
Suppose -2*y + 7*y - 555 = 0. What is the hundreds digit of y?
1
Let i be (20/(-6))/((-4)/6). Suppose 10 + i = 5*q. What is the units digit of 16/q + 3/(-9)?
5
Let l(d) = -3 + 9 + d + d - 4*d. Let k be l(-9). Let a = 34 - k. What is the units digit of a?
0
Suppose 0 = 4*x - 426 + 138. What is the units digit of x?
2
Suppose 0 = 5*v - f + 103, -10 = -0*f + 5*f. Let x = 41 + v. What is the tens digit of x?
2
Suppose 4 = 3*t - 0*t - 2*r, -4*t + 3*r = -5. Suppose 0*a - t*n = 2*a - 8, 5*a + n - 4 = 0. Suppose a*c - 2 = -2*c. What is the units digit of c?
1
Let i = -116 + 440. What is the hundreds digit of i?
3
Let q = 4 + -2. Let t = -14 - q. What is the units digit of 4/t - 29/(-4)?
7
Suppose 3*n - 124 + 13 = 0. What is the tens digit of n?
3
Let h(m) = 9*m - 2. Let y be h(4). Suppose -4*x + y = -42. What is the units digit of x?
9
Suppose 2*r + 4*z = 18, -3*r + 7*z - 3*z - 13 = 0. Let d = -1 + r. Suppose -c + s + 1 = d, -4 = -6*s + 4*s. What is the units digit of c?
3
Let n(p) = -p**2 + 6*p - 7. Let i be n(6). Let c(m) be the second derivative of -m**3/3 - 4*m**2 + 2*m. What is the units digit of c(i)?
6
Suppose -8*g + 115 = -3*g. What is the units digit of g?
3
Suppose 0*d = -2*d, 0 = -4*o + d + 120. What is the units digit of o?
0
Suppose -b + 2 = -3. Suppose 18 = b*o - 12. Suppose -2*l = -4*l + o. What is the units digit of l?
3
Suppose k - 2*d = 66, 2*k - 7*k + 369 = 3*d. What is the tens digit of k?
7
Suppose -3*o = -2*k + 16, 0*o + 26 = 2*k + 2*o. What is the tens digit of k?
1
What is the tens digit of (-1 + 0 + 0)*-47?
4
Suppose 0*n = 3*n + 4*w - 44, 2*n + 4*w - 32 = 0. Suppose 0 = -4*j - 3*v + 52, -n - 36 = -4*j - 4*v. What is the tens digit of j?
1
Let b(s) = s**2 + 8*s + 3. Let w be b(-7). What is the units digit of w/14 + (-222)/(-42)?
5
Suppose n + 8 = 26. What is the tens digit of n?
1
Let v(f) = 7 + 2*f + 0*f + f. Let o be v(5). Let t = o + -7. What is the tens digit of t?
1
What is the hundreds digit of (-363)/(-3)*3/(-9)*-3?
1
Let s(u) = -u**2 + 10*u + 8. Let b be s(9). Suppose f = 2*o - 2*f - b, -9 = 3*f. What is the units digit of o?
4
Let t(h) be the first derivative of -h**3/3 + 6*h**2 - 14*h - 8. Let u(d) = -d**2 + 8*d - 6. Let y be u(4). What is the units digit of t(y)?
6
Let f be 152/32 + 2/8. Suppose 6 + 65 = 3*u - f*l, -2*l - 42 = -2*u. What is the tens digit of u?
1
What is the tens digit of 401/(-1)*(-5 + 4)?
0
Suppose 5*o - 260 = -0*b - 5*b, 5 = 5*o. Suppose -156 = -3*x + 4*m, x = m - 0*m + b. What is the tens digit of x?
4
Suppose -3*t = -5*t + 10. Let d be 1/t - (-9)/5. Let l = d - 1. What is the units digit of l?
1
Suppose 7*a = 3*a - 8. What is the units digit of a - 3/((-6)/8)?
2
Let u be 2 + 14*(3 - 2). Suppose -3*g + 7*g = u. What is the units digit of g?
4
Suppose 3*q - 285 = -2*q. What is the tens digit of q?
5
Suppose -10 = -v - 0*v. Let z = -8 + v. What is the units digit of (10/z + -3)/2?
1
Let w be 1*(1 - 2) - -2. Let h be 2 + -1 + (3 - w). Suppose -5*z = -a - 12 + 4, h*z - 8 = -a. What is the units digit of z?
2
Suppose -5*q = -u + 19, -2*q + 5*q - 9 = 0. What is the units digit of u?
4
Let l = 2 + -2. Suppose -3*a + 2*s + 64 = l, -28 = -2*a + 3*s + 2*s. What is the tens digit of a?
2
Suppose 2*j + 3*q = -2*j + 107, -4*j + 102 = -2*q. What is the tens digit of j?
2
Let q(a) = a**3 + a**2 + 5*a - 5. What is the units digit of q(3)?
6
Let y(o) = -o**2 - 13*o - 2. Let x be y(-10). Let t be 8/x + (-12)/(-7). Suppose 2 = t*s + p - 0, 0 = -2*s + 2*p + 2. What is the units digit of s?
1
Let j(x) = -x**2 - 29*x + 7. What is the hundreds digit of j(-12)?
2
Let q(n) = -2*n + 15. What is the units digit of q(0)?
5
Suppose -2*p + 12 = 2. Let i be (-2)/p + 102/30. Suppose 3*m + 4*t + 14 = 0, 3*t = -i*m + 6*t + 21. What is the units digit of m?
2
Suppose 259 + 341 = 8*v. What is the units digit of v?
5
Let s be (-66)/9 - (-6)/(-9). What is the tens digit of 32/2*(9 + s)?
1
Let o(z) = 5*z. Let a be o(-2). Let m = 28 + a. Suppose -4*r = 12, r + m = 5*s - 0*r. What is the units digit of s?
3
Let o be 2/7 - (-794)/14. Suppose -2*q + o = -u, 3*q = 2*u + 2*u + 93. What is the tens digit of q?
2
Suppose a = -4*o + 12, 22 = o - 0*o + 5*a. Let q be o/8 + 25/(-4). What is the units digit of 1/(-1 + q/(-5))?
5
Suppose n - 13 = -3. What is the tens digit of n?
1
Let k = -6 - -8. Let a(o) = 1 - k*o + 2*o**2 + 0*o**2 - 4. What is the units digit of a(-2)?
9
Suppose -d + 1 = -3. Suppose -d*p + 6 = -p. What is the units digit of p?
2
Let r(c) = 21*c**3 + c**2 - 2*c + 1. Let j be r(1). Suppose -j - 14 = -5*z. What is the units digit of z?
7
Let t = -300 + 554. What is the tens digit of t?
5
What is the units digit of 0 + 66 - (-5 + (-30)/(-5))?
5
Let i(q) = -32*q**3 + 3*q**2 + 2*q - 2. What is the tens digit of i(-2)?
6
Suppose 17 = n - 5*s - 10, -4*n - 2*s + 20 = 0. What is the units digit of n?
7
Let n = -28 + 43. Suppose 3*f + 11 = 4*s + 55, 0 = 5*f - 4*s - 60. Let g = n - f. What is the units digit of g?
7
Suppose 0*k = 3*k - y + 10, -k - 12 = 4*y. What is the tens digit of 0/2 - 40/k?
1
Let g(u) = -u + 4. Let r be g(2). Suppose -r*o + 29 = -19. What is the units digit of o?
4
Let j = -5 - -5. Suppose j = 3*c + 2*t + 34, 0*t - 19 = 3*c - t. What is the tens digit of (-4)/(-3)*(-60)/c?
1
Let q(z) = z**3 + z + 1. Let p(h) = -h**2 + 6*h - 1. Let v be p(6). Let g be q(v). Let y = g - -5. What is the units digit of y?
4
Let j(m) = m**2 - 7*m - 6. Suppose -52 = -p - 4*u, -5 = 2*u - 15. Suppose b - p = -3*b. What is the units digit of j(b)?
2
Let r(h) be the second derivative